of 264324359?
5
What is the thousands digit of 97086513?
6
What is the millions digit of 205250705?
5
What is the tens digit of 38330575?
7
What is the hundred thousands digit of 303990823?
9
What is the hundreds digit of 2166463398?
3
What is the hundreds digit of 1540686420?
4
What is the tens digit of 85133601?
0
What is the units digit of 22096896?
6
What is the millions digit of 313227153?
3
What is the thousands digit of 247559759?
9
What is the ten millions digit of 1854412203?
5
What is the hundred thousands digit of 21056394?
0
What is the hundreds digit of 36069607?
6
What is the thousands digit of 3934519?
4
What is the units digit of 61123308?
8
What is the hundred thousands digit of 64981549?
9
What is the hundred thousands digit of 41446138?
4
What is the thousands digit of 643008470?
8
What is the ten millions digit of 613664113?
1
What is the hundreds digit of 2805872317?
3
What is the thousands digit of 141576803?
6
What is the tens digit of 294181966?
6
What is the ten thousands digit of 16469338?
6
What is the ten millions digit of 768180182?
6
What is the hundred thousands digit of 446538576?
5
What is the tens digit of 33524911?
1
What is the ten millions digit of 20614371?
2
What is the hundred thousands digit of 13057532?
0
What is the tens digit of 909162798?
9
What is the thousands digit of 1510383212?
3
What is the hundreds digit of 111067150?
1
What is the ten millions digit of 3701459581?
0
What is the millions digit of 70282646?
0
What is the units digit of 18934319?
9
What is the units digit of 54435269?
9
What is the hundred thousands digit of 274976097?
9
What is the hundreds digit of 204227955?
9
What is the hundreds digit of 22769553?
5
What is the thousands digit of 61665255?
5
What is the hundred millions digit of 114445136?
1
What is the thousands digit of 630775108?
5
What is the units digit of 35628272?
2
What is the hundreds digit of 3840218420?
4
What is the ten millions digit of 31408305?
3
What is the ten millions digit of 13217218?
1
What is the hundred thousands digit of 25482011?
4
What is the billions digit of 2958298558?
2
What is the millions digit of 1693563239?
3
What is the hundred thousands digit of 59268026?
2
What is the millions digit of 70650924?
0
What is the tens digit of 403017555?
5
What is the hundreds digit of 351250515?
5
What is the millions digit of 673694830?
3
What is the ten thousands digit of 678122694?
2
What is the units digit of 30923763?
3
What is the millions digit of 406189602?
6
What is the ten millions digit of 36007455?
3
What is the ten millions digit of 15828215?
1
What is the units digit of 4386577086?
6
What is the hundreds digit of 447948239?
2
What is the thousands digit of 247038444?
8
What is the units digit of 22566744?
4
What is the billions digit of 1643669194?
1
What is the hundreds digit of 45709086?
0
What is the units digit of 2854397729?
9
What is the thousands digit of 96565114?
5
What is the millions digit of 340613988?
0
What is the tens digit of 438128457?
5
What is the thousands digit of 74301890?
1
What is the thousands digit of 20678074?
8
What is the units digit of 96718341?
1
What is the hundreds digit of 49309573?
5
What is the thousands digit of 1036139653?
9
What is the hundred thousands digit of 1630644559?
6
What is the thousands digit of 108624077?
4
What is the hundred thousands digit of 58424273?
4
What is the units digit of 40824202?
2
What is the hundred thousands digit of 412329808?
3
What is the ten thousands digit of 4088301423?
0
What is the hundreds digit of 7274826155?
1
What is the ten millions digit of 1899504848?
9
What is the billions digit of 1127598272?
1
What is the ten thousands digit of 74132057?
3
What is the hundred thousands digit of 12372823?
3
What is the ten millions digit of 38307560?
3
What is the tens digit of 1166139917?
1
What is the units digit of 54474257?
7
What is the thousands digit of 98640559?
0
What is the hundreds digit of 6268330951?
9
What is the ten thousands digit of 33791066?
9
What is the millions digit of 106948623?
6
What is the hundred thousands digit of 373140788?
1
What is the ten thousands digit of 34897785?
9
What is the thousands digit of 203409021?
9
What is the hundreds digit of 402442501?
5
What is the ten millions digit of 592390670?
9
What is the hundred millions digit of 397381736?
3
What is the ten thousands digit of 87680382?
8
What is the millions digit of 2141076489?
1
What is the units digit of 361983784?
4
What is the hundred thousands digit of 194431321?
4
What is the ten millions digit of 2131986465?
3
What is the ten millions digit of 334148082?
3
What is the thousands digit of 29628408?
8
What is the hundred thousands digit of 100769103?
7
What is the hundred thousands digit of 114642204?
6
What is the hundreds digit of 6779554?
5
What is the thousands digit of 213241534?
1
What is the hundreds digit of 521422676?
6
What is the ten thousands digit of 5811012?
1
What is the hundred thousands digit of 3283337024?
3
What is the hundred millions digit of 420622176?
4
What is the tens digit of 1606965387?
8
What is the hundred thousands digit of 3303134402?
1
What is the ten millions digit of 1044425185?
4
What is the billions digit of 3256240059?
3
What is the hundreds digit of 34378749?
7
What is the units digit of 327917928?
8
What is the ten thousands digit of 212461256?
6
What is the units digit of 1349204470?
0
What is the hundred thousands digit of 14217352?
2
What is the millions digit of 1797690582?
7
What is the thousands digit of 85048404?
8
What is the thousands digit of 4221782199?
2
What is the hundreds digit of 222344653?
6
What is the units digit of 151849042?
2
What is the units digit of 174177779?
9
What is the hundreds digit of 122906948?
9
What is the hundred millions digit of 115405626?
1
What is the units digit of 1396031801?
1
What is the thousands digit of 49454573?
4
What is the ten thousands digit of 3215296963?
9
What is the units digit of 5257230186?
6
What is the units digit of 161271077?
7
What is the ten millions digit of 113457292?
1
What is the tens digit of 71938691?
9
What is the tens digit of 3591136?
3
What is the ten millions digit of 23003821?
2
What is the units digit of 84224025?
5
What is the units digit of 43312432?
2
What is the ten thousands digit of 3119903561?
0
What is the tens digit of 59213144?
4
What is the hundred millions digit of 1246638492?
2
What is the hundred millions digit of 1095000445?
0
What is the ten thousands digit of 86731207?
3
What is the hundred millions digit of 251768274?
2
What is the units digit of 4770085?
5
What is the ten thousands digit of 344942947?
4
What is the ten millions digit of 296718759?
9
What is the hundred thousands digit of 17855253?
8
What is the tens digit of 187460398?
9
What is the hundred millions digit of 271908251?
2
What is the units digit of 316558433?
3
What is the hundred millions digit of 494152256?
4
What is the hundred thousands digit of 101004168?
0
What is the thousands digit of 1949253285?
3
What is the hundreds digit of 1425248755?
7
What is the millions digit of 63148383?
3
What is the hundred thousands digit of 1372015070?
0
What is the hundred millions digit of 1766003411?
7
What is the hundred thousands digit of 133586268?
5
What is the units digit of 196559424?
4
What is the ten millions digit of 45439884?
4
What is the thousands digit of 253694922?
4
What is the hundred thousands digit of 953198595?
1
What is the thousands digit of 1354907238?
7
What is the ten millions digit of 81621299?
8
What is the ten thousands digit of 33692753?
9
What is the tens digit of 188328693?
9
What is the tens digit of 77200106?
0
What is the millions digit of 291320082?
1
What is the tens digit of 1002408?
0
What is the hundreds digit of 2067812537?
5
What is the hundred thousands digit of 4334124?
3
What is the millions digit of 9411392048?
1
What is the units digit of 81004840?
0
What is the hundred millions digit of 669005143?
6
What is the ten millions digit of 33613215?
3
What is the hundred thousands digit of 204439406?
4
What is the tens digit of 757248795?
9
What is the millions digit of 2027426784?
7
What is the hundred millions digit of 151549708?
1
What is the hu